945?
True
Does 18 divide 1450692?
True
Does 41 divide 257071?
False
Does 65 divide 21374419?
False
Is 12 a factor of 3189648?
True
Does 17 divide 877574?
True
Does 293 divide 138003?
True
Is 104 a factor of 1114672?
True
Does 67 divide 2828690?
False
Is 1329461 a multiple of 1142?
False
Does 219 divide 13464096?
False
Is 123 a factor of 1579812?
True
Does 110 divide 530604?
False
Is 8 a factor of 1462083?
False
Is 467 a factor of 12422667?
True
Is 17 a factor of 530706?
True
Is 382858 a multiple of 322?
True
Is 10 a factor of 901386?
False
Is 114380 a multiple of 14?
True
Is 322899 a multiple of 304?
False
Is 26 a factor of 496311?
False
Does 13 divide 4639817?
True
Does 5 divide 262363?
False
Is 12 a factor of 1051368?
True
Is 836418 a multiple of 46?
True
Is 221595 a multiple of 11?
True
Is 1643587 a multiple of 44?
False
Does 26 divide 257764?
True
Is 154 a factor of 288742?
False
Is 10481 a multiple of 23?
False
Does 820 divide 441292?
False
Is 558 a factor of 1870281?
False
Is 265 a factor of 847470?
True
Is 273 a factor of 4540536?
True
Does 11 divide 537108?
True
Is 11 a factor of 579716?
False
Is 12 a factor of 1118220?
True
Does 162 divide 4267519?
False
Does 25 divide 4170100?
True
Is 12 a factor of 86127?
False
Is 10108858 a multiple of 203?
False
Is 75072 a multiple of 184?
True
Is 32 a factor of 106822?
False
Does 83 divide 208122?
False
Does 141 divide 3979443?
True
Is 8 a factor of 38280?
True
Is 689712 a multiple of 27?
False
Is 380495 a multiple of 102?
False
Is 1956255 a multiple of 31?
True
Is 530142 a multiple of 38?
False
Is 2 a factor of 6141?
False
Is 860 a factor of 5271588?
False
Does 42 divide 1329?
False
Does 386 divide 5098231?
False
Is 202043 a multiple of 30?
False
Is 115 a factor of 186875?
True
Does 1122 divide 564366?
True
Does 18 divide 3712850?
False
Is 188373 a multiple of 44?
False
Is 10 a factor of 329030?
True
Does 133 divide 382508?
True
Is 21192703 a multiple of 369?
False
Is 489951 a multiple of 63?
True
Does 33 divide 3201?
True
Is 1420 a multiple of 20?
True
Is 41 a factor of 1722?
True
Is 20 a factor of 19715260?
True
Is 11745756 a multiple of 15?
False
Does 105 divide 1040794?
False
Does 351 divide 271323?
True
Is 7062344 a multiple of 68?
True
Does 22 divide 12111242?
True
Is 14 a factor of 567826?
True
Is 294307 a multiple of 278?
False
Does 12 divide 137748?
True
Does 31 divide 459544?
True
Is 145 a factor of 434011?
False
Is 390 a factor of 955927?
False
Does 271 divide 2416778?
True
Is 851 a factor of 7605208?
False
Is 53000 a multiple of 26?
False
Is 132 a factor of 377520?
True
Is 313 a factor of 7402831?
False
Is 21 a factor of 792498?
True
Does 38 divide 1561582?
False
Is 67636 even?
True
Is 172 a factor of 549497?
False
Does 9 divide 405774?
True
Is 99 a factor of 5391837?
True
Is 108864 a multiple of 162?
True
Does 3 divide 35260?
False
Is 54471 a multiple of 160?
False
Does 237 divide 380204?
False
Is 13 a factor of 185224?
True
Is 179 a factor of 1338834?
False
Does 9 divide 13274?
False
Is 54172 a multiple of 32?
False
Does 21 divide 22990?
False
Is 4 a factor of 4275?
False
Is 169 a factor of 1297400?
False
Is 4301752 a multiple of 13?
True
Is 26 a factor of 476355?
False
Is 803835 a multiple of 759?
False
Does 100 divide 284263?
False
Does 12 divide 13692?
True
Is 1060 a factor of 7015080?
True
Is 705 a factor of 332055?
True
Is 32826 a multiple of 12?
False
Is 4770576 a multiple of 243?
True
Does 59 divide 164846?
True
Does 628 divide 1666084?
True
Does 64 divide 4018806?
False
Is 26 a factor of 30732?
True
Is 267 a factor of 567473?
False
Is 10 a factor of 1055286?
False
Is 341860 a multiple of 239?
False
Is 4070640 a multiple of 168?
True
Is 3741387 a multiple of 299?
True
Does 18 divide 160416?
True
Is 4813865 a multiple of 395?
True
Does 883 divide 1943483?
True
Is 48 a factor of 1325713?
False
Is 360282 a multiple of 39?
True
Is 36 a factor of 2968593?
False
Is 28517 a multiple of 48?
False
Does 36 divide 36828?
True
Is 252803 a multiple of 462?
False
Is 22880 a multiple of 160?
True
Is 910404 a multiple of 627?
True
Is 451926 a multiple of 18?
True
Is 35 a factor of 2573130?
True
Does 28 divide 1031268?
True
Does 48 divide 2064?
True
Does 13 divide 67545?
False
Does 30 divide 5877?
False
Does 55 divide 16775?
True
Is 87 a factor of 17192853?
True
Is 365 a factor of 41975?
True
Is 114800 a multiple of 25?
True
Is 2516328 a multiple of 273?
False
Does 8 divide 49024?
True
Is 563475 a multiple of 68?
False
Is 11801366 a multiple of 17?
True
Does 426 divide 3506832?
True
Does 11 divide 23891407?
False
Does 23 divide 36507?
False
Does 5 divide 17350?
True
Is 885599 a multiple of 558?
False
Is 149084 a multiple of 231?
False
Is 12 a factor of 6388560?
True
Is 632583 a multiple of 253?
False
Is 133 a factor of 470554?
True
Does 16 divide 44496?
True
Is 77 a factor of 69120?
False
Is 170718 a multiple of 222?
True
Is 2240784 a multiple of 532?
True
Does 33 divide 12248874?
True
Does 385 divide 702240?
True
Is 120690 a multiple of 41?
False
Is 3 a factor of 3788?
False
Is 98255 a multiple of 215?
True
Does 55 divide 25771955?
True
Does 23 divide 4379269?
True
Is 612 a factor of 2000628?
True
Does 15 divide 2949638?
False
Is 114 a factor of 4414722?
False
Does 11 divide 1461888?
False
Does 383 divide 3864632?
False
Is 501 a factor of 121242?
True
Does 44 divide 11060?
False
Does 15 divide 1115308?
False
Does 99 divide 158796?
True
Is 5882625 a multiple of 135?
True
Is 69 a factor of 631799?
False
Is 641419 a multiple of 24?
False
Is 137 a factor of 1699074?
True
Is 2124163 a multiple of 55?
False
Is 715536 a multiple of 3?
True
Is 4620 a multiple of 165?
True
Does 50 divide 50166?
False
Is 125280 a multiple of 72?
True
Is 14040 a multiple of 4?
True
Is 211 a factor of 3943379?
True
Is 20 a factor of 701560?
True
Is 146773 a multiple of 5?
False
Does 16 divide 4078704?
True
Is 604875 a multiple of 125?
True
Does 19 divide 2222236?
False
Is 65659 even?
False
Does 1066 divide 6098586?
True
Is 721063 a multiple of 1673?
True
Is 404681 a multiple of 30?
False
Is 33 a factor of 829323?
True
Is 4768440 a multiple of 15?
True
Is 5 a factor of 531505?
True
Is 134 a factor of 1592456?
True
Is 141 a factor of 2102028?
True
Is 13 a factor of 1487876?
True
Does 27 divide 3621726?
True
Is 13 a factor of 3116542?
True
Is 83096 a multiple of 34?
True
Is 209 a factor of 1252827?
False
Is 172731 a multiple of 129?
True
Is 2805887 a multiple of 287?
False
Is 38 a factor of 77254?
True
Does 186 divide 1134600?
True
Is 248052 a multiple of 12?
True
Does 9 divide 49498?
False
Is 878 a factor of 6352746?
False
Does 34 divide 63512?
True
Does 23 divide 1463235?
False
Is 69030 a multiple of 585?
True
Does 18 divide 4642290?
True
Does 57 divide 21278?
False
Is 1219 a factor of 2603718?
False
Is 7 a factor of 436651?
False
Is 163 a factor of 16224558?
False
Is 2 a factor of 150557?
False
Is 358218 a multiple of 63?
True
Is 947038 a multiple of 8?
False
Is 3 a factor of 1684575?
True
Is 819876 a multiple of 76?
False
Is 829 a factor of 561882?
False
Is 172290 a multiple of 106?
False
Is 20 a factor of 499670?
False
Is 15896734 a multiple of 29?
False
Does 22 divide 981816?
True
Is 650 a factor of 3099850?
True
Does 15 divide 24856642?
False
Does 4 divide 7773?
False
Does 100 divide 11629997?
False
Is 41713 a multiple of 101?
True
Does 4 divide 23464?
True
Is 368262 a multiple of 998?
True
Is 6586272 a multiple of 1584?
True
Is 395 a factor of 13688790?
False
Is 30 a factor of 159428?
False
Is 13 a factor of 8996?
True
Is 24 a factor of 498456?
True
Is 1030 a factor of 1075126?
False
Is 22 a factor of 1488065?
False
Does 6 divide 760722?
True
Is 27 a factor of 18738?
True
Is 113 a factor of 215491?
True
Is 14 a factor of 474148?
False
Is 494156 a multiple of 43?
True
Does 242 divide 1258884?
True
Does 113 divide 203130?
False
Is 7 a factor of 288122?
False
Is 6 a factor of 66000?
True
Is 32 a factor of 12388?
False
Is 49106 a multiple of 3?
False
Is 20 a factor of 12007260?
True
Is 4123 a multiple of 2?
False
Is 6057618 a multiple of 7?
True
Is 1254622 a multiple of 18?
False
Does 17 divide 109871?
True
Does 1393 divide 1702246?
True
Is 1874621 a multiple of 12?
False
Is 34 a factor of 161917?
False
Does 157 